. What is the highest common factor of 92 and n?
23
Suppose -2*z + 15 + 13 = 0. Suppose m - z = 2*v, -m - 2*m = -5*v - 40. What is the highest common factor of 90 and m?
10
Suppose -551 = -3*t - 35. Let b = t - 273. Let k = b + 158. What is the highest common divisor of k and 19?
19
Suppose -28 = -2*t + 4*r, 0*r + 72 = 3*t + 4*r. Let h = -11 + t. Let j(d) = d + 9. Let a be j(h). Calculate the highest common factor of a and 45.
9
Let r be 36*(6 + (-105)/20). What is the greatest common divisor of r and 63?
9
Let d be 12/(-24) + (-5)/(-2). Let p be (-1582)/(-21) - d/6. Calculate the greatest common factor of 30 and p.
15
Let s(f) = 9*f - 521. Let p be s(58). Suppose -l + 5 = 3. Calculate the highest common factor of p and l.
1
Let n(t) = 8*t**3 + 4*t**2 - 7*t + 3. Let g be n(2). Calculate the highest common factor of g and 529.
23
Let h(w) = 38*w**2 - 3*w - 18. Let i be h(4). What is the greatest common divisor of 34 and i?
34
Let x = 162 - 18. Calculate the greatest common divisor of 108 and x.
36
Suppose 1760 = 5449*y - 5441*y. What is the highest common factor of 1375 and y?
55
Let k = 16 - 13. Suppose 2*q - k*q + 56 = 0. Suppose 2*i = -2*i + q. What is the highest common factor of 14 and i?
14
Let h = -43 - -49. Let c be 11*-3*(-2)/h. Suppose 2*b + 44 = 6*b. Calculate the greatest common factor of b and c.
11
Suppose 4*p - 1287 = -2*p - 3*p. Let b(l) = l**3 - 3*l**2 + 3*l + 2. Let s be b(3). What is the highest common factor of p and s?
11
Let w(b) = 3*b - 7. Let m be w(5). Suppose 8*o = 5*a + 3*o - 60, -4*o - 13 = a. Suppose a + 9 = 2*x. Calculate the highest common divisor of x and m.
8
Suppose -2*n - 270 = -12*n. Calculate the highest common divisor of n and 36.
9
Let n(j) = -j**3 + j**2 + j + 429. Let i be n(0). Suppose 2*t = -t + i. Suppose 4*v = 4*u + 44, 67 = 4*v + v + u. What is the highest common divisor of t and v?
13
Let q(i) = i + 1. Let j(r) = -9*r - 13. Let m(d) = 2*j(d) + 6*q(d). Let f be m(-15). What is the greatest common factor of f and 20?
20
Let t(j) = -3*j + 8. Let y be t(3). Let m be 23/((y + -1)/(-2)) + 1. What is the greatest common divisor of 48 and m?
24
Let j(d) = -5*d**2 - 49*d - 57. Let c be j(-8). What is the highest common factor of c and 1380?
15
Suppose 3*w + 1 = -5*c - 12, 3*w + 8 = -4*c. Suppose -3*a = -4*o - 278, -5*o - 368 = -w*a - o. Calculate the greatest common factor of a and 45.
45
Suppose -4*m + 430 = -5*y, -41*m + 37*m = -4*y - 428. Calculate the greatest common factor of m and 42.
21
Let q = 28 - 5. Let l = -21 + q. Calculate the highest common divisor of l and 3.
1
Let w = -579 - -714. Let r be (144/(-4))/((-4)/10). Calculate the highest common factor of w and r.
45
Suppose -29*z + 20558 + 786 = 0. What is the greatest common divisor of 23 and z?
23
Let h = -4 - -8. Suppose -2*p + 2 = -2*x, -h*x = -3*x + 5. Let r be -13*p/((-4)/(-1)). What is the greatest common factor of 65 and r?
13
Suppose 3*t = -7 - 5, -68 = -4*n + 2*t. Let w(b) = -b + 18. Let a be w(n). Suppose 1 = 4*z - a. What is the greatest common factor of 11 and z?
1
Let j be (-11)/1 - (-27 - 24). Calculate the highest common divisor of 580 and j.
20
Let s = 1100 - 1092. Calculate the highest common factor of 108 and s.
4
Let u(s) = 3*s**2 - s + 4. Suppose 2*r = -2*r + 12. Let w be u(r). Suppose -2*p - 2*p + w = 0. What is the highest common factor of p and 7?
7
Suppose 1848 = 1112*j - 1109*j. Calculate the highest common divisor of j and 231.
77
Suppose -7*p - 17 = -73. Suppose 0 = -12*x + p + 4. What is the highest common factor of 4 and x?
1
Let c be (140/(-8))/((-4)/(-8)). Let h = 5 - c. Calculate the highest common factor of h and 16.
8
Suppose 27 = -17*u + 26*u. Calculate the highest common factor of 2 and u.
1
Let w(l) = 3*l**3 - 19*l**2 + 7*l + 3. Let y be w(6). Calculate the greatest common divisor of 18 and y.
9
Let k = 20 + -16. Suppose -k*r + 39 = -217. Calculate the highest common factor of 16 and r.
16
Suppose -18*d = -16*d - 182. Calculate the highest common divisor of 7 and d.
7
Let f be -1*(-4)/16*-20 + 965. What is the highest common divisor of f and 15?
15
Suppose -4*a - 4*j + 0*j - 4 = 0, -20 = 5*j. Let v be (-4)/a*45/(-12). Calculate the highest common divisor of 35 and v.
5
Let k(m) = -m**2 - 8*m - 10. Let n be k(-5). Suppose -3*u + 416 = 4*y, -2*y - n*u = -0*u - 208. Calculate the highest common divisor of 26 and y.
26
Let w(p) = p - 1. Let f be w(4). Let z(k) = -k**3 + 8*k**2 - 7*k + 6. Let c be -9*6/(-9) - -1. Let b be z(c). What is the greatest common factor of f and b?
3
Let i = 39 - 14. Suppose -f + i = -50. Calculate the greatest common factor of 30 and f.
15
Let k be (-4)/10*-5 + 1. Suppose 2*b + 50 = 4*a, -78 = -5*a + 5*b - k. Calculate the greatest common factor of a and 25.
5
Suppose -10*n = -13*n - 4*y + 4457, -7471 = -5*n + 4*y. What is the greatest common factor of 21 and n?
21
Suppose r - 2*g + 5*g - 20 = 0, 2*g - 4 = 0. Let q = 820 + -722. What is the greatest common divisor of q and r?
14
Suppose -41 = -5*l + 2*x, -16 + 11 = -l + 2*x. Calculate the greatest common factor of l and 63.
9
Let h(d) = -4*d**2 - 5*d + 0*d**2 + 3*d**2 + 2*d**2 - 11. Let i(w) = 7*w**2 + w. Let r be i(1). Let s be h(r). Calculate the highest common factor of s and 52.
13
Let i(y) = 93*y - 107. Let w be i(8). Calculate the greatest common divisor of 26 and w.
13
Let p(m) = -5*m + 1 + 1 + m**2 - m - 5. Let l be p(7). Suppose l*q = 6 + 2. Calculate the greatest common divisor of 1 and q.
1
Let z(q) be the third derivative of q**5/60 - 7*q**4/12 + 61*q**3/6 + 17*q**2. Let o be z(6). Calculate the highest common factor of 143 and o.
13
Suppose 0 = -2*h + 86 - 30. What is the greatest common factor of h and 7?
7
Let l = -150 - -375. What is the highest common factor of 765 and l?
45
Suppose 25 = -5*v, 0*f - 4*f = v + 13. Let q be (f - (-4)/4)/((-4)/40). What is the greatest common factor of 25 and q?
5
Let a = 1130 + -698. Calculate the greatest common divisor of 27 and a.
27
Suppose -12 = -0*i - 3*i. Suppose -20 = -h + i*b - 9*b, 0 = h + 3*b - 14. Suppose 0 = h*g - 23 - 22. Calculate the highest common factor of g and 9.
9
Let g be ((-716)/3)/(-4) - 54/(-162). Calculate the highest common divisor of 5 and g.
5
Let r be (20/50)/((-2)/(-20)). Let q be r/(-30)*3 - 68/(-20). What is the greatest common factor of q and 27?
3
Let w(q) = 6*q**2 - 15*q + 7. Let k be w(5). What is the highest common divisor of k and 2?
2
Let q = -7 - -10. Let l be 39*(10/q + 0). Let v = l + -78. What is the highest common factor of 78 and v?
26
Let g = -960 + 965. Calculate the greatest common factor of g and 19.
1
Let v be (3 + -2)/(1*(-4)/24). Let y be ((-402)/30 - v/(-10))/(-1). What is the greatest common divisor of y and 112?
14
Let j = 2774 - 2744. Suppose -29 - 1 = -y. Calculate the greatest common divisor of j and y.
30
Let f be (61 - 1)/(0 + 1). Let v be (2 - -3)/((1 - 4)/(-3)). Suppose v*y - 82 - 34 = 2*z, 0 = 3*y + 2*z - 76. Calculate the greatest common divisor of y and f.
12
Suppose 4*u - u = 12. Suppose -5*o + u*i + 10 = 0, 4*o - 9 = -0*o + 3*i. What is the greatest common divisor of 54 and o?
6
Let j(s) = -s**3 + 4*s**2 - 2*s + 3. Let r be j(2). Let q = 9 - r. Let c = 5 - q. What is the greatest common divisor of c and 33?
3
Let o be -4 + (-4 - -14 - 0). Let k = 11 - o. Suppose 4*d = -3*l + 2 - 6, -k*l - 28 = -4*d. What is the highest common factor of 6 and d?
2
Suppose -19070 = -35*i + 2665. What is the greatest common factor of 27 and i?
27
Suppose 0 = o + 7 + 31. Let p = -13 - o. Let y = -627 + 902. What is the greatest common divisor of y and p?
25
Let j be (-317078)/(-3051) - 4/(-54). What is the highest common divisor of 104 and j?
104
Suppose -4*h + 0*h = -768. Let o = 468 - 444. What is the highest common divisor of o and h?
24
Let s(g) = -g**3 - 6*g**2 - g - 4. Let t(i) = 2*i**3 + 5*i**2 + 3. Let n(w) = -4*s(w) - 3*t(w). Let d be n(5). What is the highest common factor of d and 1?
1
Let p be (1 + -3)/(4/(-286)). Let q(f) = 5*f - 22. Let v be q(10). Let b = v - 15. Calculate the greatest common factor of b and p.
13
Let o(i) = -22*i - 1. Let a be o(-1). Suppose -5*y - 214 - 221 = 5*x, -426 = 5*x - 4*y. Let w be x/(-4) - 3/6. Calculate the highest common factor of a and w.
21
Suppose -2*n = 4*y, 4*n - y - 54 = -9. Suppose 0 = 